54631 (base 13) in base 3?
-21202101121
Convert 1054605 (base 8) to base 13.
9c99a
-138982 (base 10) to base 14
-38914
-1000000000010110000 (base 2) to base 16
-400b0
Convert -7143 (base 14) to base 16.
-4c07
What is -1018c93 (base 13) in base 8?
-22461526
29c11 (base 15) to base 14
36d5b
Convert -2231221132 (base 4) to base 6.
-23124514
What is -1203123223 (base 4) in base 8?
-1433353
8469334 (base 10) to base 11
4865155
What is -1421444232 (base 5) in base 14?
-6c572b
Convert -465616 (base 7) to base 9.
-136671
What is 6746548 (base 9) in base 10?
3633056
What is -1100010000011100010011 (base 2) in base 14?
-5d8d35
1388793 (base 12) to base 7
45156033
What is 1120011221 (base 3) in base 6?
354211
What is -110101101101000010011 (base 2) in base 8?
-6555023
Convert 12718b (base 13) to base 12.
194ba6
Convert -891117 (base 12) to base 2.
-1000010100000001100011
What is 34712 (base 16) in base 5?
23333202
What is -38385 (base 14) in base 12?
-67981
What is 41346 (base 11) in base 4?
32232110
-10110110010101 (base 2) to base 4
-2312111
Convert -138632 (base 12) to base 13.
-b537c
Convert -2366011 (base 7) to base 12.
-126a67
11ca61 (base 14) to base 9
1131375
Convert 19cc879 (base 14) to base 16.
c4500b
What is 3a998c (base 16) in base 15?
50cd66
Convert -3462424 (base 7) to base 5.
-102413411
Convert a221d (base 16) to base 13.
1a3371
1011000101000101001111 (base 2) to base 15
3c5869
Convert -199525 (base 10) to base 5.
-22341100
Convert -1817322 (base 10) to base 3.
-10102022220020
What is 20a07a (base 13) in base 3?
1102211220122
What is 1445555 (base 6) in base 7?
500411
-365130 (base 8) to base 6
-2405052
What is 36570c (base 14) in base 6?
103502452
Convert -2300233 (base 5) to base 2.
-1001111011110101
ab00c5 (base 14) to base 3
101220201110110
Convert 101100000101010010101100 (base 2) to base 7.
200136666
Convert 2330021122 (base 4) to base 15.
10351a
-213aa9 (base 11) to base 5
-41421230
What is -b4225 (base 12) in base 10?
-235325
-2095500 (base 10) to base 7
-23545221
-110110001110111000 (base 2) to base 8
-661670
Convert 6536826 (base 9) to base 14.
67491a
Convert 32522004 (base 6) to base 13.
281a52
What is 226556643 (base 7) in base 9?
28268300
-322747 (base 8) to base 6
-2152011
Convert -680707 (base 11) to base 12.
-443594
What is -12c903 (base 16) in base 8?
-4544403
Convert 14a939 (base 12) to base 10.
350397
What is -112dbe (base 16) in base 13?
-305589
What is 141420010 (base 5) in base 11?
460384
What is 1035024114 (base 6) in base 9?
22880721
What is c7d421 (base 15) in base 16?
912301
What is -1615500 (base 7) in base 9?
-368623
135404202 (base 6) to base 3
12020110221202
-58c0 (base 14) to base 8
-36140
Convert -223678 (base 10) to base 8.
-664676
Convert -473e1 (base 16) to base 4.
-1013033201
What is 2112221 (base 5) in base 7?
204643
What is -10011011111101010110 (base 2) in base 6?
-21405234
Convert 220221112112000 (base 3) to base 4.
302210220123
69bb4 (base 13) to base 15
3c365
Convert -1735229 (base 10) to base 12.
-6b8225
Convert 88605 (base 10) to base 13.
3143a
What is 69ae40 (base 15) in base 13?
107a09c
What is 27470 (base 9) in base 6?
222100
What is 45a82 (base 11) in base 4?
100033113
What is 20110020120 (base 3) in base 10?
127023
What is 7aa23 (base 11) in base 13?
41366
What is 600667 (base 8) in base 2?
110000000110110111
-133233 (base 8) to base 7
-253201
Convert -10021112212 (base 3) to base 7.
-356126
What is a8b06 (base 14) in base 8?
1435322
20220010201 (base 3) to base 6
2524114
36662 (base 9) to base 11
17533
Convert 35ac5 (base 14) to base 4.
200000131
What is b86c (base 15) in base 12?
1a703
15412474 (base 8) to base 3
20200001222100
What is 11021102200 (base 3) in base 11?
58250
What is 3013001 (base 5) in base 8?
135404
What is 13544502 (base 6) in base 13?
133874
-146b48 (base 13) to base 16
-7a39e
Convert 3334c4b (base 13) to base 4.
323312301310
Convert -3369c (base 14) to base 11.
-8583a
What is 526682 (base 9) in base 12?
131385
What is -14636660 (base 7) in base 8?
-5267242
Convert a479 (base 11) to base 2.
11011000111000
Convert -121302121 (base 4) to base 5.
-11340000
Convert 101101111001110100 (base 2) to base 16.
2de74
7362514 (base 8) to base 15
28a7b4
Convert -6873a0 (base 11) to base 10.
-1093224
What is -10268ac (base 14) in base 12?
-2678434
2332303301 (base 4) to base 2
10111110110011110001
What is 588814 (base 9) in base 8?
1263662
Convert -128347 (base 10) to base 9.
-215047
Convert -475137 (base 9) to base 13.
-a0180
-1000001011110111001100 (base 2) to base 6
-113553552
Convert -83073 (base 10) to base 6.
-1440333
-4554001 (base 7) to base 15
-b3474
Convert -15112ce (base 15) to base 10.
-15242144
What is 2525312 (base 6) in base 13?
49b80
Convert 1140433 (base 6) to base 4.
32212011
-15268226 (base 9) to base 13
-1762c08
2001002212 (base 3) to base 12
1b2b8
Convert -6201232 (base 7) to base 10.
-739972
Convert d2590a (base 15) to base 7.
150634204
Convert -3734422 (base 9) to base 5.
-1004434414
-10001020010 (base 3) to base 8
-165047
5888b (base 12) to base 6
2313455
13e66 (base 16) to base 4
103321212
-123214034 (base 5) to base 12
-24ba74
-10014503 (base 7) to base 12
-33aab8
Convert -3312 (base 8) to base 3.
-2101101
2042022 (base 5) to base 8
102334
-7c6ad (base 15) to base 10
-396388
Convert 3168079 (base 10) to base 5.
1302334304
Convert -911c (base 14) to base 9.
-37156
What is -11005042 (base 6) in base 14?
-875d0
210101111022 (base 3) to base 8
1466200
What is 10450657 (base 8) in base 6?
120112355
1341965 (base 10) to base 8
5075015
Convert 1d1507 (base 15) to base 5.
331001012
What is -2100102012012 (base 3) in base 6?
-42430352
-577175 (base 13) to base 10
-2072036
Convert -677a3 (base 13) to base 15.
-3aac6
-151589 (base 12) to base 10
-355065
-28650b (base 12) to base 11
-42096a
Convert -1372565 (base 9) to base 6.
-24114005
What is 497ba (base 12) in base 14?
28458
What is 5156c (base 13) in base 16?
23a11
What is -3839b (base 14) in base 5?
-13403200
What is -1023122412 (base 5) in base 9?
-4053271
What is 2111200110 (base 3) in base 8?
140275
Convert 166799 (base 10) to base 11.
104356
What is -12066661 (base 8) in base 12?
-a79355
Convert -43535 (base 9) to base 6.
-341352
Convert -544163 (base 12) to base 9.
-2453203
What is -4dff15 (base 16) in base 11?
-2981445
Convert 202320010231 (base 4) to base 11.
5184a50
What is -10652067 (base 10) in base 13?
-228c5ca
-2101100120 (base 3) to base 4
-23131002
50600431 (base 7) to base 15
58501a
What is 1076959 (base 10) in base 9?
2021271
What is 201343140 (base 6) in base 2?
1101000110101001100100
24195a (base 12) to base 8
2164026
132310300 (base 4) to base 12
61094
-77583 (base 9) to base 15
-103e0
What is 1310642 (base 12) in base 11?
2134596
What is -110110100111111001 (base 2) in base 7?
-1621203
Convert -4223012 (base 8) to base 11.
-6a8402
What is -69341 (base 14) in base 15?
-50c0c
What is 1602a6 (base 12) in base 8?
1331636
What is -2707172 (base 9) in base 12?
-5b5402
What is -303201212 (base 4) in base 8?
-634146
What is 14332317 (base 8) in base 5?
1313220201
Convert -10000000101110010000 (base 2) to base 8.
-2005620
156035 (base 7) to base 8
74260
-61737 (base 12) to base 10
-127195
What is 1254646 (base 11) in base 9?
4071668
Convert 1002200110 (base 4) to base 10.
272404
What is 6f841b (base 16) in base 5?
3332331230
What is 112332120 (base 6) in base 5?
1013034220
-112222021131 (base 4) to base 16
-5aa25d
-3a3a5 (base 12) to base 3
-11001210122
132252455 (base 6) to base 2
1010000011011001110011
Convert -237308 (base 9) to base 10.
-143135
-1011001111011001011000 (base 2) to base 12
-ba12a0
10121201011 (base 3) to base 8
213076
What is -120040 (base 6) in base 10?
-10392
What is -83029 (base 15) in base 12?
-180310
What is 214124030 (base 5) in base 2?
11100010010000101101
-121102021222 (base 3) to base 7
-2514110
Convert -40100014 (base 5) to base 8.
-1150362
-22010220121 (base 3) to base 6
-3234111
Convert -b96a1c (base 15) to base 3.
-121121200020100
-11101001000000011 (base 2) to base 14
-31695
-11022432 (base 6) to base 5
-41023110
Convert 102304541 (base 6) to base 7.
21164005
Convert -2723818 (base 9) to base 3.
-2210210220122
What is -10032100 (base 5) in base 14?
-2137d
What is 507a